Suppose 21*o - b*o = 2343. Is o a prime number?
False
Let r(m) = -3*m + 1. Let g be r(-1). Suppose -10*v - 3030 = -g*v. Let h = v + 716. Is h prime?
True
Let o(y) = -82323*y**3 + 2*y**2 + y + 1. Let h be o(-1). Suppose -50*w + h = -100025. Is w composite?
True
Suppose -2*v + j = 44085 - 793062, -3*j - 1123458 = -3*v. Is v composite?
True
Suppose -3*g = -12, -4*s + 3*s = -2*g + 8. Suppose -p + 4*p - 741 = s. Let f = 420 + p. Is f composite?
True
Is ((-8687)/(-21) - -7)/((-1)/((-102)/4)) a composite number?
True
Suppose 2*b = 0, 0 = -6*y - 12*b + 13*b + 143497 + 929021. Is y a prime number?
True
Let k(q) = 1001*q + 64. Let u be k(7). Suppose 473*c + u = 476*c. Is c prime?
True
Let w = 16 - 11. Let n = 1580 - -204. Suppose -n = -w*b - 3*b. Is b a composite number?
False
Suppose 48*d + 2064045 - 5827789 = 5378864. Is d composite?
False
Suppose -558829 = -84*g + 15945239. Is g composite?
False
Let h(l) = -l - 41. Let x(k) = 3*k + 81. Let s(i) = 9*h(i) + 4*x(i). Let j be s(19). Is (116/j)/(-2 + (-309)/(-153)) composite?
True
Let w(m) be the first derivative of -m**4/4 + 20*m**3/3 + 11*m**2/2 + 23*m + 99. Is w(-17) composite?
False
Suppose 25*v + 4*m + 3452451 = 30*v, m = 21*v - 14500310. Is v composite?
False
Let g(a) = 2900*a**2 - 4*a - 5. Let o be g(-2). Suppose -r - 4*r + o = 4*x, x = -4*r + 2909. Suppose -6*v + 4273 + x = 0. Is v a composite number?
True
Suppose 79*h - 82*h = -4*x + 96944, 0 = -3*x + 3*h + 72705. Is x a prime number?
True
Let q = 117710 + 238131. Is q a composite number?
False
Suppose -353*m + 385*m - 12941408 = 0. Is m a composite number?
False
Let w = -299200 + 450279. Is w prime?
False
Let h = -6 - -8. Suppose h*p - 4*u = -0*p, -3*u = 0. Suppose -8*k + 587 + 317 = p. Is k prime?
True
Suppose 38*z = -268*z + 109225602 + 12414600. Is z prime?
True
Suppose -3*g = -d + 242525, 39*d - 970074 = 35*d - g. Is d a prime number?
True
Let o = 9704 - 9703. Let x be 1/((-1*2)/(-2)). Is o - (-309*x - -3) a composite number?
False
Suppose 359 = -4*f + 347, -793298 = -5*m + f. Is m a prime number?
False
Suppose -39*a + 8 = -35*a. Let k(p) = 2*p**3 - 56 - 6*p + 32 - p**3 - 5*p**a + 35. Is k(8) prime?
False
Let o(a) = a**3 + 6*a**2 + 3*a - 1. Let i be (-1)/((-2)/18*1). Suppose 4*c - 15 = i. Is o(c) composite?
False
Let k = 29275 - -91096. Is k composite?
False
Let a(q) = -6065*q**3 + 1. Let j be a(1). Let z = j - -19713. Is z a prime number?
True
Let a = -25 - -9. Let z(o) = 33*o - 21. Let l be z(a). Let s = -314 - l. Is s composite?
True
Let a = 340 - 335. Let d(u) = 451*u**2 - 18*u + 84. Is d(a) a prime number?
False
Suppose 2*g + 1478*b - 698090 = 1476*b, 0 = 3*b + 18. Is g prime?
True
Let r = 1043 - 919. Is (125 - r)/((-2)/(-2326)) composite?
False
Let b(s) = 5*s - 310. Let n be b(21). Is (-13)/104 - n*(-77)/(-8) composite?
False
Let v = 16 - 16. Suppose l = 2*l, -4*z + l + 8 = v. Is z/14 + (-26412)/(-42) a prime number?
False
Suppose -5*d + 155054 = 4*s - 115789, -4*d + s = -216645. Is d a prime number?
True
Let i be (18/4)/(1/2). Is 6/i*(-272178)/(-12) a prime number?
True
Is 1/((-21)/(-3478314)) + 19 composite?
False
Let z(g) be the third derivative of -7*g**6/360 - g**5/120 - 7*g**4/12 + 12*g**2. Let d(p) be the second derivative of z(p). Is d(-6) composite?
False
Let k = -307640 + 462831. Is k a prime number?
True
Let l(o) = 78*o**2 + 7. Let m be (19 - 21) + (0 - 1*-4). Is l(m) composite?
True
Let f = -49890 + 80602. Suppose 2640 = 8*l - f. Is l a composite number?
True
Suppose -9*d + 4*d - 4521 = -2*j, -d = 4*j - 9053. Let l = j + -692. Is l a composite number?
False
Let r(t) = 3*t - 45. Let u be r(25). Suppose -6*q + 0*q = -u. Suppose -s - z = -468, q*z = -3*s + 4*s - 474. Is s a prime number?
False
Let m = 214138 + -118385. Is m a prime number?
False
Suppose 17308 = 2*b + 2*i, 2*b - 4*b + 2*i = -17312. Let q = 12442 - b. Is q a prime number?
False
Suppose -3*v - 2*z + 169971 = 0, 39*z = -v + 44*z + 56674. Is v a prime number?
True
Let t = -63 - -62. Let j(x) = -2097*x**3 + 1. Is j(t) a prime number?
False
Let p be (-8)/10*25/(-10). Suppose 0 = p*n + 5*n + 287. Is 6/(-9)*12/4 - n a prime number?
False
Let h = -587 + 579. Is 2 + h + 4 + 5244 a prime number?
False
Let x = -214 - -213. Is (x + -1)*-2 - -3817 composite?
False
Suppose 5*n = 10, -34*n + 35*n = m - 44597. Is m composite?
True
Suppose -16*v + 145 + 239 = 0. Suppose v*o = 26*o - 2344. Suppose -o = -3*p + 1387. Is p a prime number?
True
Suppose 0 = -h - 4*v + 3*v + 116, 0 = 4*h + v - 476. Is 14 + h/(-9) + 39122/6 a prime number?
True
Suppose -92*i = 98*i - 225865106 - 90372224. Is i a prime number?
True
Suppose -3*c - 130 = 710. Let z = 481 + c. Is z prime?
False
Suppose h - 15 = -4*v, 15 = 10*h - 7*h - 3*v. Suppose -h*i - 20 = -2*i, 3*i = -2*o + 5584. Is o a prime number?
False
Let s(a) = a**2 - 2*a - 80. Let c be s(10). Suppose b - 2*b + 5794 = c. Is b a composite number?
True
Let s(z) = z**2 + 3*z - 7. Let j be s(-5). Suppose -3*c + 3*t = 177, 4*c - j*t + 87 = -149. Is (-3*6 - 1)*c composite?
True
Let f(m) be the first derivative of -14*m**2 + 4 - 32*m**2 + 8*m - 32 - 43*m. Is f(-8) a prime number?
True
Let k = 111 + -112. Let f(v) = -v - 1. Let z(w) = -2*w**2 - 14*w - 10. Let t(b) = k*z(b) + 3*f(b). Is t(-10) a composite number?
False
Let b be ((-8)/10)/((-8)/(-240)). Let g be (6*-1)/(b/16). Suppose -g*p - 3*p = -21119. Is p a prime number?
False
Let a = -2 - -5. Suppose a*l = l - 84. Is (2 - (-884)/(-3))/(4/l) prime?
False
Suppose 0*w - 4*w + 21 = -3*r, -2*r + 2 = 0. Suppose 0 = -4*q - 14 + w. Is ((-3418)/(-4)*q)/(-4 - -3) prime?
True
Let a(l) = -15*l - 86. Let z be a(14). Let p = 427 + z. Is p a prime number?
True
Let a = -449 + 507. Suppose -3*d - 2*y = -16845, -3*d = a*y - 55*y - 16845. Is d composite?
True
Suppose -y = -3*w + 227789, 1324*w + 227805 = 1327*w + 3*y. Is w composite?
False
Suppose 5*r + 21 + 7 = -z, 4*r = -z - 30. Let c = 43 + z. Suppose c*v = -4*v + 6921. Is v a composite number?
False
Suppose -2*r - 3*v + 345 = 0, 5*r - 4*v - 875 = v. Let a(m) = 2*m**3 + 27*m**2 - 9*m + 52. Let g be a(-13). Is (g/39)/(4/r) composite?
True
Let z(h) be the third derivative of h**6/120 - 7*h**5/20 - 3*h**4/8 - 13*h**3/6 - 8*h**2. Suppose 16*p - 76 = 12*p - 5*b, 3*p - 4*b - 88 = 0. Is z(p) composite?
False
Suppose -1991*w = -1994*w + 1173. Is w composite?
True
Let b be (0/4 - -1)*1597. Suppose -5287 + b = -5*r. Let n = -271 + r. Is n a prime number?
True
Let j = -38 + 73. Let u(n) = 35*n - 69. Let k be u(7). Let g = j + k. Is g a composite number?
False
Suppose 3*d + 4*d = 189. Suppose -17 + d = 2*t. Suppose k = -t*w - 3*k + 3475, -2789 = -4*w - 5*k. Is w a composite number?
False
Let f = -37493 - 3866. Let c = 12186 - f. Is c a prime number?
False
Suppose 51*t - 49*t + 5*g = 1100539, -g + 1 = 0. Is t a composite number?
False
Suppose -59*l - 1244971 = -22363857 - 25007963. Is l a composite number?
True
Suppose 4*q - 5*j - 6144893 = 0, -q + 8418*j = 8419*j - 1536212. Is q prime?
False
Let g be (-564)/36*-15*20. Let s = g + -1381. Let b = s - 1701. Is b a prime number?
False
Suppose 5*g - 27 - 195 = -h, h = -g + 218. Suppose 3*p = -12, k - 5*p = -2*p + 38. Suppose f - 2*y = h, -2*f + k = 4*y - 384. Is f a prime number?
True
Let x(s) = -9797*s + 7294. Is x(-57) prime?
True
Suppose -6165720 + 6530932 = 71*k - 21038377. Is k composite?
False
Let t = 221185 + -107732. Is t a prime number?
True
Let z(b) = 360*b**3 + 3*b**2 - 29*b + 127. Is z(4) a composite number?
False
Let v = -65659 + 116588. Is v prime?
True
Let c = 862836 - 377695. Is c a composite number?
True
Suppose -252030 = 4*q + q. Let z = -35160 - q. Suppose -3689 = -7*p + z. Is p prime?
False
Suppose 5*x + 4*d = 22, -2*x + 14*d + 10 = 15*d. Is ((-19054)/(-21))/(-1 - (-8)/x) a composite number?
True
Suppose 98*t - 93*t - 4*b - 622857 = 0, 0 = t + 4*b - 124581. Is t a composite number?
True
Let c be (0 + (0/2)/(-2))/(-1). Let z(w) = c - 798*w - 2 + 0 + 1. Is z(-1) a prime number?
True
Suppose 0 = 5*y - 4*f - 1627047, 984039 = 4*y - 5*f - 317595. Is y a composite number?
False
Let p(j) = 5*j - 117. Let u be p(22). Is ((69279/(-9))/u)/((-4)/(-12)) composite?
False
Let o(j) = 48*j**3 + 22*j**2 + 7*j - 262. Is o(19) prime?
False
Let z be -3 - (-1 - 18/4)*-26. Let l be -1 + 3 - 0 - (z + 12). Let r = l - 47. Is r prime